 factors of 1357131100.
2, 5, 13, 23, 45389
What are the prime factors of 811908780?
2, 3, 5, 17, 61, 13049
What are the prime factors of 92164412?
2, 17, 61, 1307
What are the prime factors of 14916817?
29, 17737
What are the prime factors of 27973179?
3, 13, 239087
List the prime factors of 45256338.
2, 3, 2514241
What are the prime factors of 21914898?
2, 3, 103, 35461
What are the prime factors of 32491139?
32491139
List the prime factors of 8867054354.
2, 73, 60733249
List the prime factors of 108233536.
2, 71, 23819
List the prime factors of 126017510.
2, 5, 59, 213589
What are the prime factors of 1024862174?
2, 7, 163, 449107
List the prime factors of 54223606.
2, 19, 89, 16033
What are the prime factors of 930681685?
5, 186136337
List the prime factors of 145982171.
421, 346751
What are the prime factors of 117538347?
3, 103, 380383
List the prime factors of 117578376.
2, 3, 1633033
What are the prime factors of 604307847?
3, 11, 13, 131, 10753
What are the prime factors of 182264240?
2, 5, 2278303
List the prime factors of 200314841.
200314841
What are the prime factors of 369276393?
3, 123092131
List the prime factors of 2233980880.
2, 5, 17, 1642633
List the prime factors of 8116740477.
3, 449, 709, 2833
List the prime factors of 28293461.
7, 149, 27127
What are the prime factors of 896290008?
2, 3, 29, 277, 4649
What are the prime factors of 41696545?
5, 11, 19, 39901
List the prime factors of 3148587593.
2777, 1133809
What are the prime factors of 434631026?
2, 739, 294067
List the prime factors of 182515312.
2, 7, 1629601
What are the prime factors of 14013060?
2, 3, 5, 233551
What are the prime factors of 75333657?
3, 7, 3587317
List the prime factors of 3177944683.
3177944683
List the prime factors of 194058654.
2, 3, 32343109
What are the prime factors of 34530956?
2, 103, 83813
What are the prime factors of 30011766?
2, 3, 17, 59, 4987
List the prime factors of 6440052992.
2, 23, 73, 14983
List the prime factors of 55940039.
317, 176467
What are the prime factors of 54990893?
47, 1170019
What are the prime factors of 3476675592?
2, 3, 13, 3714397
What are the prime factors of 3753544070?
2, 5, 17, 1871, 11801
What are the prime factors of 140082290?
2, 5, 71, 197299
List the prime factors of 267579407.
41, 331, 19717
What are the prime factors of 177087582?
2, 3, 7, 389, 3613
What are the prime factors of 61769994?
2, 3, 11, 13, 71993
What are the prime factors of 2206670698?
2, 7927, 139187
List the prime factors of 1048971946.
2, 11, 47680543
List the prime factors of 3673386797.
269, 13655713
What are the prime factors of 31260898?
2, 29, 157, 3433
List the prime factors of 194761932.
2, 3, 19, 37, 23087
What are the prime factors of 5342332?
2, 59, 22637
What are the prime factors of 137811821?
7, 19687403
List the prime factors of 17154481.
23, 61, 12227
What are the prime factors of 124668733?
7, 349, 51031
List the prime factors of 37573515.
3, 5, 7, 101, 1181
What are the prime factors of 4180695886?
2, 2090347943
List the prime factors of 77332333.
13, 5948641
What are the prime factors of 3933871?
3933871
List the prime factors of 6745808.
2, 23, 797
What are the prime factors of 3177991400?
2, 5, 15889957
What are the prime factors of 92778626?
2, 46389313
What are the prime factors of 3427265998?
2, 13, 271, 401, 1213
List the prime factors of 942264290.
2, 5, 11, 73, 271, 433
List the prime factors of 388829021.
7, 83, 669241
What are the prime factors of 77728341?
3, 25909447
List the prime factors of 2032458066.
2, 3, 23, 4909319
What are the prime factors of 1283734394?
2, 19793, 32429
List the prime factors of 77518032.
2, 3, 1217, 1327
List the prime factors of 3015789334.
2, 499, 3021833
What are the prime factors of 255333936?
2, 3, 11, 13, 37199
What are the prime factors of 11755050?
2, 3, 5, 78367
What are the prime factors of 1197493333?
2957, 404969
What are the prime factors of 243734351?
7, 239, 145687
What are the prime factors of 66532365?
3, 5, 1039, 1423
What are the prime factors of 1364875332?
2, 3, 941, 120871
What are the prime factors of 1737935341?
1321, 1315621
What are the prime factors of 255896886?
2, 3, 7, 17, 199, 1801
List the prime factors of 707175747.
3, 73, 311, 3461
List the prime factors of 892011212.
2, 1747, 127649
What are the prime factors of 6688227781?
37, 53, 379, 8999
What are the prime factors of 496028249?
496028249
List the prime factors of 129022905.
3, 5, 11, 67, 1061
List the prime factors of 18930571.
11, 17, 9203
What are the prime factors of 1318618815?
3, 5, 87907921
List the prime factors of 283006793.
283006793
List the prime factors of 105869016.
2, 3, 11, 133673
List the prime factors of 4697842.
2, 23, 73, 1399
List the prime factors of 508833670.
2, 5, 659, 77213
List the prime factors of 1026685705.
5, 101, 2033041
List the prime factors of 87151153.
43, 797, 2543
List the prime factors of 3689889779.
26627, 138577
What are the prime factors of 188497343?
17, 349, 31771
What are the prime factors of 50063797?
7, 673, 10627
What are the prime factors of 156864338?
2, 17, 4613657
What are the prime factors of 55426926?
2, 3, 9237821
List the prime factors of 1217333.
13, 29, 3229
List the prime factors of 25480510.
2, 5, 11, 43, 5387
List the prime factors of 1944495367.
31, 5347, 11731
List the prime factors of 2020106595.
3, 5, 13, 10359521
What are the prime factors of 446384324?
2, 59, 313, 6043
What are the prime factors of 4484200?
2, 5, 7, 3203
What are the prime factors of 216712933?
216712933
List the prime factors of 1228087340.
2, 5, 61404367
List the prime factors of 689155328.
2, 107, 139, 181
What are the prime factors of 520398883?
17, 127, 241037
List the prime factors of 495877122.
2, 3, 13, 1129, 1877
What are the prime factors of 3367004295?
3, 5, 224466953
List the prime factors of 399184558.
2, 3559, 56081
List the prime factors of 747318388.
2, 83, 107, 109, 193
What are the prime factors of 1282260205?
5, 256452041
List the prime factors of 106292296.
2, 11, 17, 227, 313
What are the prime factors of 2329703098?
2, 1637, 711577
List the prime factors of 739849903.
13, 751, 75781
List the prime factors of 435569996.
2, 108892499
List the prime factors of 49281170.
2, 5, 4928117
What are the prime factors of 11119136?
2, 7, 49639
What are the prime factors of 2642474915?
5, 43, 3359, 3659
What are the prime factors of 31339300?
2, 5, 79, 3967
What are the prime factors of 140677634?
2, 19, 3702043
List the prime factors of 3181942109.
12011, 264919
List the prime factors of 64092510.
2, 3, 5, 19, 37, 1013
What are the prime factors of 115702028?
2, 13, 2225039
List the prime factors of 1704093136.
2, 106505821
What are the prime factors of 1133285432?
2, 29, 37, 47, 53
What are the prime factors of 89203276?
2, 89, 127, 1973
List the prime factors of 788550121.
788550121
What are the prime factors of 48000103?
23, 89, 131, 179
List the prime factors of 113073505.
5, 1231, 18371
List the prime factors of 4175899787.
4175899787
What are the prime factors of 85455521?
19, 41, 163, 673
What are the prime factors of 209990078?
2, 47, 2233937
List the prime factors of 435818447.
19, 659, 34807
What are the prime factors of 145739172?
2, 3, 12144931
List the prime factors of 27029691.
3, 13, 1367
List the prime factors of 18151267.
137, 132491
List the prime factors of 86140148.
2, 19, 241, 4703
What are the prime factors of 1690890315?
3, 5, 112726021
List the prime factors of 395878556.
2, 31, 47, 67927
What are the prime factors of 2745131618?
2, 1372565809
List the prime factors of 704269243.
2357, 298799
What are the prime factors of 72332873?
29, 2494237
List the prime factors of 251046732.
2, 3, 163, 128347
List the prime factors of 1454451794.
2, 41, 17737217
What are the prime factors of 88220147?
88220147
List the prime factors of 503450982.
2, 3, 27969499
List the prime factors of 3105484596.
2, 3, 43, 24767
List the prime factors of 3489889043.
3489889043
What are the prime factors of 25666486?
2, 12833243
List the prime factors of 25022203.
25022203
What are the prime factors of 809344981?
331, 433, 5647
List the prime factors of 222024766.
2, 19, 311, 18787
List the prime factors of 7983640.
2, 5, 7, 28513
What are the p